{"id":33,"date":"2026-05-15T18:52:54","date_gmt":"2026-05-15T16:52:54","guid":{"rendered":"https:\/\/regan.com.pl\/?page_id=33"},"modified":"2026-05-15T20:23:05","modified_gmt":"2026-05-15T18:23:05","slug":"contact","status":"publish","type":"page","link":"https:\/\/regan.com.pl\/?page_id=33","title":{"rendered":"Kontakt"},"content":{"rendered":"<h5>Skontaktuj si\u0119 z nami<\/h5>\n<h2>Jeste\u015bmy tutaj, aby pom\u00f3c<\/h2>\n<p>W Regan Consulting jeste\u015bmy gotowi wesprze\u0107 Twoje cele. Nasz zesp\u00f3\u0142 ekspert\u00f3w jest gotowy pom\u00f3c w ka\u017cdym wyzwaniu, jakie napotkasz. Skontaktuj si\u0119 z nami, aby om\u00f3wi\u0107, jak mo\u017cemy razem dzia\u0142a\u0107.<\/p>\n<p>\t\t\t\t\t\t\t\t<a href=\"#\"><br \/>\n\t\t\t\t\t\t\t\t\tNapisz do nas<br \/>\n\t\t\t\t\t<\/a><br \/>\n\t\t\t\t\t\t\t\t\t\t\t\t\t\t<a href=\"#\"><br \/>\n\t\t\t\t\t\t\t\t\tUm\u00f3w spotkanie<br \/>\n\t\t\t\t\t<\/a><\/p>\n<h2>Kontakt z nami<\/h2>\n<h2>Odnajd\u017a nas w twojej okolicy<\/h2>\n<p>Skontaktuj si\u0119 z nami, aby pozna\u0107 nasze us\u0142ugi i jak mo\u017cemy wspiera\u0107 Twoj\u0105 firm\u0119.<\/p>\n<h3>\n\t\t\t\t\t\t\tE-mail<br \/>\n\t\t\t\t\t<\/h3>\n<p>\n\t\t\t\t\t\tNapisz do nas, a odpowiemy szybko.\t\t\t\t\t<\/p>\n<p>\t\t\t\t\t\t\t\t\t\t\t\t<a href=\"#\"><br \/>\n\t\t\t\t\t\t\t\t\tkontakt@reganconsulting.pl<br \/>\n\t\t\t\t\t<\/a><\/p>\n<h3>\n\t\t\t\t\t\t\tTelefon<br \/>\n\t\t\t\t\t<\/h3>\n<p>\n\t\t\t\t\t\tSkontaktuj si\u0119 telefonicznie z naszym zespo\u0142em.\t\t\t\t\t<\/p>\n<p>\t\t\t\t\t\t\t\t\t\t\t\t<a href=\"#\"><br \/>\n\t\t\t\t\t\t\t\t\t+48 123 456 789<br \/>\n\t\t\t\t\t<\/a><\/p>\n<h3>\n\t\t\t\t\t\t\tBiuro<br \/>\n\t\t\t\t\t<\/h3>\n<p>\n\t\t\t\t\t\tul. Przyk\u0142adowa 1, 00-001 Warszawa\t\t\t\t\t<\/p>\n<p>\t\t\t\t\t\t\t\t\t\t\t\t<a href=\"#\"><\/p>\n<p>\t\t\t\t\t\t\t\t\tZobacz tras\u0119<br \/>\n\t\t\t\t\t<\/a><\/p>\n<h3>\n\t\t\t\t\t\t\t\u015aled\u017a nas<br \/>\n\t\t\t\t\t<\/h3>\n<p>\n\t\t\t\t\t\tB\u0105d\u017a na bie\u017c\u0105co z naszymi aktualno\u015bciami.\t\t\t\t\t<\/p>\n<p>\t\t\t\t\t<a href=\"#\" target=\"_blank\"><br \/>\n\t\t\t\t\t\tFacebook-f<br \/>\n\t\t\t\t\t\t\t\t\t\t\t<\/a><br \/>\n\t\t\t\t\t<a href=\"#\" target=\"_blank\"><br \/>\n\t\t\t\t\t\tTwitter<br \/>\n\t\t\t\t\t\t\t\t\t\t\t<\/a><\/p>\n<h2>Regan Consulting<\/h2>\n<h2>Skontaktuj si\u0119 z nami<\/h2>\n<p>Masz pytania? Jeste\u015bmy tu, aby pom\u00f3c. Wype\u0142nij formularz poni\u017cej, a skontaktujemy si\u0119 z Tob\u0105 najszybciej jak to mo\u017cliwe.<\/p>\n<h3>\n\t\t\t\t\t\t\tEmail<br \/>\n\t\t\t\t\t<\/h3>\n<p>\n\t\t\t\t\t\tMo\u017cesz si\u0119 z nami skontaktowa\u0107 przez email.\t\t\t\t\t<\/p>\n<p>kontakt@reganconsulting.pl<\/p>\n<h3>\n\t\t\t\t\t\t\tTelefon<br \/>\n\t\t\t\t\t<\/h3>\n<p>\n\t\t\t\t\t\tJeste\u015bmy dost\u0119pni pod telefonem.\t\t\t\t\t<\/p>\n<p>123-456-7890<\/p>\n<h3>\n\t\t\t\t\t\t\tBiuro<br \/>\n\t\t\t\t\t<\/h3>\n<p>\n\t\t\t\t\t\tul. Przyk\u0142adowa 123, Warszawa, Polska\t\t\t\t\t<\/p>\n<p>\t\t\t\t\t\t\t\t\t\t\t\t<a href=\"#\"><\/p>\n<p>\t\t\t\t\t\t\t\t\tSprawd\u017a tras\u0119<br \/>\n\t\t\t\t\t<\/a><\/p>\n<h2>Znajd\u017a nasze biuro<\/h2>\n<p>Nasze biuro znajduje si\u0119 w dogodnej lokalizacji. Zapraszamy do zapoznania si\u0119 z map\u0105 poni\u017cej, aby \u0142atwo znale\u017a\u0107 nas na miejscu. Jeste\u015bmy tu, aby wspiera\u0107 nasze dzia\u0142ania konsultingowe i odpowiedzie\u0107 na wszelkie pytania.<\/p>\n<p>\t\t\t\t\t\t\t\t\t\t\t\t\t<img fetchpriority=\"high\" decoding=\"async\" width=\"1920\" height=\"1080\" src=\"https:\/\/regan.com.pl\/wp-content\/uploads\/2026\/05\/placeholder-demo-image-marquee-616x400-1.webp\" alt=\"\" \/>\t\t\t\t\t\t\t\t\t\t\t\t\t\t\t\t\t\t\t\t\t\t\t\t\t\t<img fetchpriority=\"high\" decoding=\"async\" width=\"1920\" height=\"1080\" src=\"https:\/\/regan.com.pl\/wp-content\/uploads\/2026\/05\/placeholder-demo-image-marquee-616x400-1.webp\" alt=\"\" \/>\t\t\t\t\t\t\t\t\t\t\t\t\t\t\t\t\t\t\t\t\t\t\t\t\t\t<img fetchpriority=\"high\" decoding=\"async\" width=\"1920\" height=\"1080\" src=\"https:\/\/regan.com.pl\/wp-content\/uploads\/2026\/05\/placeholder-demo-image-marquee-616x400-1.webp\" alt=\"\" \/>\t\t\t\t\t\t\t\t\t\t\t\t\t\t\t\t\t\t\t\t\t\t\t\t\t\t<img fetchpriority=\"high\" decoding=\"async\" width=\"1920\" height=\"1080\" src=\"https:\/\/regan.com.pl\/wp-content\/uploads\/2026\/05\/placeholder-demo-image-marquee-616x400-1.webp\" alt=\"\" \/>\t\t\t\t\t\t\t\t\t\t\t\t\t\t\t\t\t\t\t\t\t\t\t\t\t\t<img decoding=\"async\" width=\"1024\" height=\"576\" src=\"https:\/\/regan.com.pl\/wp-content\/uploads\/2026\/05\/wireframe-img-1-1024x576.webp\" alt=\"\" \/>\t\t\t\t\t\t\t\t\t\t\t\t\t\t\t\t\t\t\t\t\t\t\t\t\t\t<img decoding=\"async\" width=\"1024\" height=\"576\" src=\"https:\/\/regan.com.pl\/wp-content\/uploads\/2026\/05\/wireframe-img-1-1024x576.webp\" alt=\"\" \/>\t\t\t\t\t\t\t\t\t\t\t\t\t\t\t\t\t\t\t\t\t\t\t\t\t\t<img decoding=\"async\" width=\"1024\" height=\"576\" src=\"https:\/\/regan.com.pl\/wp-content\/uploads\/2026\/05\/wireframe-img-1-1024x576.webp\" alt=\"\" \/>\t\t\t\t\t\t\t\t\t\t\t\t\t\t\t\t\t\t\t\t\t\t\t\t\t\t<img decoding=\"async\" width=\"1024\" height=\"576\" src=\"https:\/\/regan.com.pl\/wp-content\/uploads\/2026\/05\/wireframe-img-1-1024x576.webp\" alt=\"\" \/><\/p>\n","protected":false},"excerpt":{"rendered":"<p>Skontaktuj si\u0119 z nami Jeste\u015bmy tutaj, aby pom\u00f3c W Regan Consulting jeste\u015bmy gotowi wesprze\u0107 Twoje cele. Nasz zesp\u00f3\u0142 ekspert\u00f3w jest gotowy pom\u00f3c w ka\u017cdym wyzwaniu, jakie napotkasz. Skontaktuj si\u0119 z nami, aby om\u00f3wi\u0107, jak mo\u017cemy razem dzia\u0142a\u0107. Napisz do nas Um\u00f3w spotkanie Kontakt z nami Odnajd\u017a nas w twojej okolicy Skontaktuj si\u0119 z nami, aby &hellip; <\/p>\n<p class=\"link-more\"><a href=\"https:\/\/regan.com.pl\/?page_id=33\" class=\"more-link\">Czytaj dalej<span class=\"screen-reader-text\"> \u201eKontakt\u201d<\/span><\/a><\/p>\n","protected":false},"author":1,"featured_media":0,"parent":0,"menu_order":0,"comment_status":"closed","ping_status":"closed","template":"","meta":{"footnotes":""},"class_list":["post-33","page","type-page","status-publish","hentry"],"yoast_head":"<!-- This site is optimized with the Yoast SEO plugin v27.6 - https:\/\/yoast.com\/product\/yoast-seo-wordpress\/ -->\n<title>Kontakt - Regan Consulting<\/title>\n<meta name=\"robots\" content=\"index, follow, max-snippet:-1, max-image-preview:large, max-video-preview:-1\" \/>\n<link rel=\"canonical\" href=\"https:\/\/regan.com.pl\/?page_id=33\" \/>\n<meta property=\"og:locale\" content=\"pl_PL\" \/>\n<meta property=\"og:type\" content=\"article\" \/>\n<meta property=\"og:title\" content=\"Kontakt - Regan Consulting\" \/>\n<meta property=\"og:description\" content=\"Skontaktuj si\u0119 z nami Jeste\u015bmy tutaj, aby pom\u00f3c W Regan Consulting jeste\u015bmy gotowi wesprze\u0107 Twoje cele. Nasz zesp\u00f3\u0142 ekspert\u00f3w jest gotowy pom\u00f3c w ka\u017cdym wyzwaniu, jakie napotkasz. Skontaktuj si\u0119 z nami, aby om\u00f3wi\u0107, jak mo\u017cemy razem dzia\u0142a\u0107. Napisz do nas Um\u00f3w spotkanie Kontakt z nami Odnajd\u017a nas w twojej okolicy Skontaktuj si\u0119 z nami, aby &hellip; Czytaj dalej \u201eKontakt\u201d\" \/>\n<meta property=\"og:url\" content=\"https:\/\/regan.com.pl\/?page_id=33\" \/>\n<meta property=\"og:site_name\" content=\"Regan Consulting\" \/>\n<meta property=\"article:modified_time\" content=\"2026-05-15T18:23:05+00:00\" \/>\n<meta property=\"og:image\" content=\"https:\/\/regan.com.pl\/wp-content\/uploads\/2026\/05\/placeholder-demo-image-marquee-616x400-1.webp\" \/>\n<meta name=\"twitter:card\" content=\"summary_large_image\" \/>\n<meta name=\"twitter:label1\" content=\"Szacowany czas czytania\" \/>\n\t<meta name=\"twitter:data1\" content=\"3 minuty\" \/>\n<script type=\"application\/ld+json\" class=\"yoast-schema-graph\">{\"@context\":\"https:\\\/\\\/schema.org\",\"@graph\":[{\"@type\":\"WebPage\",\"@id\":\"https:\\\/\\\/regan.com.pl\\\/?page_id=33\",\"url\":\"https:\\\/\\\/regan.com.pl\\\/?page_id=33\",\"name\":\"Kontakt - Regan Consulting\",\"isPartOf\":{\"@id\":\"https:\\\/\\\/regan.com.pl\\\/#website\"},\"primaryImageOfPage\":{\"@id\":\"https:\\\/\\\/regan.com.pl\\\/?page_id=33#primaryimage\"},\"image\":{\"@id\":\"https:\\\/\\\/regan.com.pl\\\/?page_id=33#primaryimage\"},\"thumbnailUrl\":\"https:\\\/\\\/regan.com.pl\\\/wp-content\\\/uploads\\\/2026\\\/05\\\/placeholder-demo-image-marquee-616x400-1.webp\",\"datePublished\":\"2026-05-15T16:52:54+00:00\",\"dateModified\":\"2026-05-15T18:23:05+00:00\",\"breadcrumb\":{\"@id\":\"https:\\\/\\\/regan.com.pl\\\/?page_id=33#breadcrumb\"},\"inLanguage\":\"pl-PL\",\"potentialAction\":[{\"@type\":\"ReadAction\",\"target\":[\"https:\\\/\\\/regan.com.pl\\\/?page_id=33\"]}]},{\"@type\":\"ImageObject\",\"inLanguage\":\"pl-PL\",\"@id\":\"https:\\\/\\\/regan.com.pl\\\/?page_id=33#primaryimage\",\"url\":\"https:\\\/\\\/regan.com.pl\\\/wp-content\\\/uploads\\\/2026\\\/05\\\/placeholder-demo-image-marquee-616x400-1.webp\",\"contentUrl\":\"https:\\\/\\\/regan.com.pl\\\/wp-content\\\/uploads\\\/2026\\\/05\\\/placeholder-demo-image-marquee-616x400-1.webp\",\"width\":1920,\"height\":1080},{\"@type\":\"BreadcrumbList\",\"@id\":\"https:\\\/\\\/regan.com.pl\\\/?page_id=33#breadcrumb\",\"itemListElement\":[{\"@type\":\"ListItem\",\"position\":1,\"name\":\"Home\",\"item\":\"https:\\\/\\\/regan.com.pl\\\/\"},{\"@type\":\"ListItem\",\"position\":2,\"name\":\"Kontakt\"}]},{\"@type\":\"WebSite\",\"@id\":\"https:\\\/\\\/regan.com.pl\\\/#website\",\"url\":\"https:\\\/\\\/regan.com.pl\\\/\",\"name\":\"Regan Consulting\",\"description\":\"Strategiczny doradca na styku AI, finans\u00f3w, ryzyka i podejmowania decyzji wykonawczych\",\"publisher\":{\"@id\":\"https:\\\/\\\/regan.com.pl\\\/#organization\"},\"potentialAction\":[{\"@type\":\"SearchAction\",\"target\":{\"@type\":\"EntryPoint\",\"urlTemplate\":\"https:\\\/\\\/regan.com.pl\\\/?s={search_term_string}\"},\"query-input\":{\"@type\":\"PropertyValueSpecification\",\"valueRequired\":true,\"valueName\":\"search_term_string\"}}],\"inLanguage\":\"pl-PL\"},{\"@type\":\"Organization\",\"@id\":\"https:\\\/\\\/regan.com.pl\\\/#organization\",\"name\":\"Regan Consulting\",\"url\":\"https:\\\/\\\/regan.com.pl\\\/\",\"logo\":{\"@type\":\"ImageObject\",\"inLanguage\":\"pl-PL\",\"@id\":\"https:\\\/\\\/regan.com.pl\\\/#\\\/schema\\\/logo\\\/image\\\/\",\"url\":\"https:\\\/\\\/regan.com.pl\\\/wp-content\\\/uploads\\\/2026\\\/05\\\/ChatGPT-Image-15-maj-2026-o-18_49_55-e1778871552662.webp\",\"contentUrl\":\"https:\\\/\\\/regan.com.pl\\\/wp-content\\\/uploads\\\/2026\\\/05\\\/ChatGPT-Image-15-maj-2026-o-18_49_55-e1778871552662.webp\",\"width\":883,\"height\":292,\"caption\":\"Regan Consulting\"},\"image\":{\"@id\":\"https:\\\/\\\/regan.com.pl\\\/#\\\/schema\\\/logo\\\/image\\\/\"}}]}<\/script>\n<!-- \/ Yoast SEO plugin. -->","yoast_head_json":{"title":"Kontakt - Regan Consulting","robots":{"index":"index","follow":"follow","max-snippet":"max-snippet:-1","max-image-preview":"max-image-preview:large","max-video-preview":"max-video-preview:-1"},"canonical":"https:\/\/regan.com.pl\/?page_id=33","og_locale":"pl_PL","og_type":"article","og_title":"Kontakt - Regan Consulting","og_description":"Skontaktuj si\u0119 z nami Jeste\u015bmy tutaj, aby pom\u00f3c W Regan Consulting jeste\u015bmy gotowi wesprze\u0107 Twoje cele. Nasz zesp\u00f3\u0142 ekspert\u00f3w jest gotowy pom\u00f3c w ka\u017cdym wyzwaniu, jakie napotkasz. Skontaktuj si\u0119 z nami, aby om\u00f3wi\u0107, jak mo\u017cemy razem dzia\u0142a\u0107. Napisz do nas Um\u00f3w spotkanie Kontakt z nami Odnajd\u017a nas w twojej okolicy Skontaktuj si\u0119 z nami, aby &hellip; Czytaj dalej \u201eKontakt\u201d","og_url":"https:\/\/regan.com.pl\/?page_id=33","og_site_name":"Regan Consulting","article_modified_time":"2026-05-15T18:23:05+00:00","og_image":[{"url":"https:\/\/regan.com.pl\/wp-content\/uploads\/2026\/05\/placeholder-demo-image-marquee-616x400-1.webp","type":"","width":"","height":""}],"twitter_card":"summary_large_image","twitter_misc":{"Szacowany czas czytania":"3 minuty"},"schema":{"@context":"https:\/\/schema.org","@graph":[{"@type":"WebPage","@id":"https:\/\/regan.com.pl\/?page_id=33","url":"https:\/\/regan.com.pl\/?page_id=33","name":"Kontakt - Regan Consulting","isPartOf":{"@id":"https:\/\/regan.com.pl\/#website"},"primaryImageOfPage":{"@id":"https:\/\/regan.com.pl\/?page_id=33#primaryimage"},"image":{"@id":"https:\/\/regan.com.pl\/?page_id=33#primaryimage"},"thumbnailUrl":"https:\/\/regan.com.pl\/wp-content\/uploads\/2026\/05\/placeholder-demo-image-marquee-616x400-1.webp","datePublished":"2026-05-15T16:52:54+00:00","dateModified":"2026-05-15T18:23:05+00:00","breadcrumb":{"@id":"https:\/\/regan.com.pl\/?page_id=33#breadcrumb"},"inLanguage":"pl-PL","potentialAction":[{"@type":"ReadAction","target":["https:\/\/regan.com.pl\/?page_id=33"]}]},{"@type":"ImageObject","inLanguage":"pl-PL","@id":"https:\/\/regan.com.pl\/?page_id=33#primaryimage","url":"https:\/\/regan.com.pl\/wp-content\/uploads\/2026\/05\/placeholder-demo-image-marquee-616x400-1.webp","contentUrl":"https:\/\/regan.com.pl\/wp-content\/uploads\/2026\/05\/placeholder-demo-image-marquee-616x400-1.webp","width":1920,"height":1080},{"@type":"BreadcrumbList","@id":"https:\/\/regan.com.pl\/?page_id=33#breadcrumb","itemListElement":[{"@type":"ListItem","position":1,"name":"Home","item":"https:\/\/regan.com.pl\/"},{"@type":"ListItem","position":2,"name":"Kontakt"}]},{"@type":"WebSite","@id":"https:\/\/regan.com.pl\/#website","url":"https:\/\/regan.com.pl\/","name":"Regan Consulting","description":"Strategiczny doradca na styku AI, finans\u00f3w, ryzyka i podejmowania decyzji wykonawczych","publisher":{"@id":"https:\/\/regan.com.pl\/#organization"},"potentialAction":[{"@type":"SearchAction","target":{"@type":"EntryPoint","urlTemplate":"https:\/\/regan.com.pl\/?s={search_term_string}"},"query-input":{"@type":"PropertyValueSpecification","valueRequired":true,"valueName":"search_term_string"}}],"inLanguage":"pl-PL"},{"@type":"Organization","@id":"https:\/\/regan.com.pl\/#organization","name":"Regan Consulting","url":"https:\/\/regan.com.pl\/","logo":{"@type":"ImageObject","inLanguage":"pl-PL","@id":"https:\/\/regan.com.pl\/#\/schema\/logo\/image\/","url":"https:\/\/regan.com.pl\/wp-content\/uploads\/2026\/05\/ChatGPT-Image-15-maj-2026-o-18_49_55-e1778871552662.webp","contentUrl":"https:\/\/regan.com.pl\/wp-content\/uploads\/2026\/05\/ChatGPT-Image-15-maj-2026-o-18_49_55-e1778871552662.webp","width":883,"height":292,"caption":"Regan Consulting"},"image":{"@id":"https:\/\/regan.com.pl\/#\/schema\/logo\/image\/"}}]}},"_links":{"self":[{"href":"https:\/\/regan.com.pl\/index.php?rest_route=\/wp\/v2\/pages\/33","targetHints":{"allow":["GET"]}}],"collection":[{"href":"https:\/\/regan.com.pl\/index.php?rest_route=\/wp\/v2\/pages"}],"about":[{"href":"https:\/\/regan.com.pl\/index.php?rest_route=\/wp\/v2\/types\/page"}],"author":[{"embeddable":true,"href":"https:\/\/regan.com.pl\/index.php?rest_route=\/wp\/v2\/users\/1"}],"replies":[{"embeddable":true,"href":"https:\/\/regan.com.pl\/index.php?rest_route=%2Fwp%2Fv2%2Fcomments&post=33"}],"version-history":[{"count":4,"href":"https:\/\/regan.com.pl\/index.php?rest_route=\/wp\/v2\/pages\/33\/revisions"}],"predecessor-version":[{"id":80,"href":"https:\/\/regan.com.pl\/index.php?rest_route=\/wp\/v2\/pages\/33\/revisions\/80"}],"wp:attachment":[{"href":"https:\/\/regan.com.pl\/index.php?rest_route=%2Fwp%2Fv2%2Fmedia&parent=33"}],"curies":[{"name":"wp","href":"https:\/\/api.w.org\/{rel}","templated":true}]}}